 divisor of t and 95.
5
Let h = -17 - -19. Let n be 1 + 2 + (1 - h). Suppose 39 = 2*v - 5*d, n*v + 0*v + 4*d = 30. What is the greatest common factor of 68 and v?
17
Let y be (9/15 - 4/(-10)) + -3. Let x be y/3 - (-928)/6. What is the greatest common divisor of x and 14?
14
Suppose 1210 = -8*f - 3*f. Let h = f + 113. What is the greatest common divisor of h and 27?
3
Let k(r) = r**2 - r. Let t be k(1). Let m = 15 + -10. Suppose -2*z + 0*z + 2 = 0, t = 3*v + m*z - 35. Calculate the highest common factor of 20 and v.
10
Suppose 720*f - 170 = 718*f. Calculate the greatest common divisor of 85 and f.
85
Suppose 0 = 127*y - 139*y + 2700. What is the greatest common divisor of y and 9?
9
Let m be (-46 - -1)*1288/(-20) + 6. Calculate the highest common factor of m and 48.
24
Let a be 16*-1*(-4)/(-24)*-3. Let u = a + -2. Calculate the highest common divisor of u and 6.
6
Let h = -23 + -34. Suppose -3*o + 2*k - 7*k + 266 = 0, -5*k - 122 = -o. Let x = h + o. Calculate the greatest common divisor of x and 16.
8
Let w be 3/((-3603)/(-450) - 8). What is the greatest common divisor of w and 40?
10
Suppose 3*d - 1 = 5. Suppose -i - 2*m + 29 = 0, d*m = -4*i - 2*m + 108. Let q = -315 + 365. Calculate the greatest common divisor of q and i.
25
Let u be (-6 - 2)*(-35)/10. Calculate the highest common factor of u and 133.
7
Let m(r) = 12*r - 47. Let b be m(6). Calculate the greatest common divisor of b and 150.
25
Let d(j) = 2*j + 14. Let u be d(-3). Let t be (-169)/(-52) - ((-6)/u + 1). Calculate the greatest common divisor of 33 and t.
3
Let d(q) = -q**2 + 33. Let k be d(6). Let r be (4 + k)*1 - (-1 + 0). Calculate the highest common divisor of 26 and r.
2
Let h = 312 - 306. Calculate the highest common divisor of h and 66.
6
Suppose 0 = -2*w + 3*w - 18. Let r be ((-1)/2)/((-2)/20). Let t be ((-12)/(-5))/(1/r). What is the highest common divisor of w and t?
6
Let k(q) = -q**3 + 11. Let w be (0/(-2))/(-3 - -1). Let m be k(w). Calculate the greatest common divisor of 1 and m.
1
Let f = -207 - -2053. Calculate the highest common factor of 26 and f.
26
Let k = -32 + 142. What is the highest common factor of k and 220?
110
Let y be 62*(10/(-5))/(-4). Calculate the highest common factor of 837 and y.
31
Let h be (77/(-21))/(1/(-6)). Suppose 2*u - h = -4. What is the greatest common factor of u and 9?
9
Let v(m) = -m**3 - m**2 + 7*m + 24. Let l be v(0). What is the highest common factor of l and 3?
3
Let g = -81 - -152. Let d = g - 59. What is the greatest common factor of 12 and d?
12
Let p be ((-4)/(-5))/(30/675). Suppose 3*m = -5*x - 0*x + 26, 0 = -x - 2. What is the highest common divisor of m and p?
6
Let r(b) = -b + 9. Let o be r(7). Suppose 2*q - 256 = -o*w + 4*q, 3*w + 2*q = 374. Calculate the highest common divisor of 14 and w.
14
Let g be 5/(15/24) + 3. Let a(j) = 32*j**3 + 2*j**2 - 2*j + 1. Let k be a(1). Calculate the greatest common factor of g and k.
11
Let c(p) = p**3 + 3*p**2 - 4*p - 1. Let d be c(-3). Suppose -13 = -2*g - d. Let l be (-1 + (0 - -2))*g. What is the greatest common divisor of l and 7?
1
Let l be ((-68)/10)/(5 - 27/5). Calculate the highest common divisor of l and 17.
17
Suppose -5*r = -152*a + 148*a + 2801, -5*r = -5*a + 3505. Calculate the greatest common factor of a and 44.
44
Let t be (44 + -1)*1 - -9. Calculate the highest common divisor of 13 and t.
13
Suppose 0 = -2*x + 3*k + 19 + 129, -20 = -5*k. Calculate the greatest common factor of 32 and x.
16
Let z be 985/(-788) - 8610/(-8). What is the greatest common divisor of 129 and z?
43
Let z = -28 + 28. Suppose -2*o + z*o = -270. Let v be (2 - 1) + 27 - 1. What is the greatest common factor of o and v?
27
Let l(n) = -n**2 - 6 - 2*n - 2*n**2 - 43*n**3 + 42*n**3. Let p be l(-4). What is the greatest common factor of p and 54?
18
Suppose -17*i = -11*i - 120. Calculate the greatest common factor of 120 and i.
20
Let k be ((-40)/6)/((-70)/1365). Let j(f) = f**3 - 5*f**2 - 3*f + 8. Let o be j(6). Calculate the greatest common factor of k and o.
26
Let m(d) = 5*d + 17. Let q(u) = -9*u - 34. Let s(l) = -5*m(l) - 3*q(l). Let x be s(-8). What is the highest common factor of 9 and x?
1
Let p(k) be the second derivative of 5*k**4/12 + k**3/6 - k**2 + 36*k. Let l be p(2). Calculate the greatest common divisor of l and 16.
4
Let n = 1989 - 1885. What is the greatest common divisor of n and 13?
13
Suppose 2*z - 10 = -0*z. Suppose 2*m = z + 1. Suppose 4*n + 2*x - 9 - 19 = 0, -m*n + 11 = 4*x. What is the highest common divisor of 63 and n?
9
Let t = 23 - 15. Let c = -28 + 108. Suppose -w + 8 = -c. What is the highest common divisor of t and w?
8
Let y = 1313 - 1298. Let a be 1/((-3)/(-6)*1). Suppose 3*t - 176 = -4*p + 41, t + a*p - 71 = 0. What is the highest common divisor of t and y?
15
Let u be 0*4*4/32 - -13. Let x(n) = 7*n**2 - n - 4. Let l be x(4). What is the greatest common divisor of l and u?
13
Suppose 81*z = 86*z + 2*r - 2460, -1480 = -3*z - 2*r. What is the greatest common factor of 10 and z?
10
Let z be ((-40)/(-25))/((-2)/(-40)). Calculate the greatest common factor of 1 and z.
1
Let l = 628 + -572. Calculate the greatest common factor of 98 and l.
14
Let c(l) = 4*l + 148. Let r be c(-28). Let o(u) = 5*u - 7. Let s be o(5). What is the highest common divisor of s and r?
18
Suppose -1589 = -5*j + 3*x + 369, 3*j + 5*x - 1202 = 0. Suppose -5*l + 0*l = -5*p - 370, 5*l - j = -p. Calculate the highest common factor of l and 6.
6
Suppose 0 = -2*u - 2, 2*d + 4*u = -d + 131. Let l(h) = -4*h + 6*h + 4*h**2 - h. Let m be l(1). Calculate the highest common factor of d and m.
5
Let l(s) = 8*s - 5. Let z be l(5). Let o be 11 + 32/(-40) - (-2)/(-10). What is the greatest common divisor of o and z?
5
Let l be (-3)/(-2)*(11 - -1). Suppose 4*r - 56 = -3*p - p, 4*r - 59 = -p. Let g be (1 + -19)*r/(-6). What is the highest common factor of g and l?
9
Let k = -74 + 110. Suppose -3*m + k + 6 = 0. Suppose -4*r = -5*c - 28, 3*r - 2*c + m = 5*r. Calculate the greatest common divisor of r and 35.
7
Suppose q = -0*q + 3, 5*w = 5*q - 15. Let n be 21/((-3)/(-1)) - w. Let z be (144/(-14))/(-3)*n. What is the greatest common divisor of z and 192?
24
Let z = 40 - 4. Let h = 442 - 418. What is the highest common factor of z and h?
12
Suppose -5*g - 2*f = -21, -3*g = -f + 3*f - 15. Let p be (-17)/(40/(-13) + g). What is the highest common factor of p and 13?
13
Suppose 6*w + 0*w = 42. Suppose -4*q + 77 = 3*p - 33, -p = 5*q - 22. What is the greatest common divisor of p and w?
7
Let g = 635 - 301. What is the highest common factor of g and 2?
2
Let f = -15 + 25. Let q = -10 + f. Suppose -3*w + 4*n + 20 + 3 = q, n + 17 = 2*w. What is the greatest common divisor of w and 6?
3
Let x = 224 + -83. Let p = x + -48. What is the highest common factor of 31 and p?
31
Suppose 0*b + b - 18 = 0. Let r be (-3 - (-2 - 2))*5 + -3. What is the highest common divisor of r and b?
2
Suppose 3*s - 6 = 3. Suppose s*a = p - 14, -3*p - 94 = -8*p + 3*a. What is the highest common divisor of 20 and p?
20
Suppose 3*o = z + z - 20, -28 = -5*z + 2*o. Suppose -2*b - 4*d = -126, 4*b + z*d + 21 = 257. What is the greatest common divisor of 5 and b?
5
Let m(d) = d**2 - 2*d - 7. Let l be m(5). Suppose 0 = -5*j + l*j + 6. Let b be 2*(j + 1) - -5. Calculate the greatest common factor of b and 33.
3
Suppose -5*w - 45 = -2*v + 12, -4*w - 168 = -5*v. Suppose -i + 6*i - 17 = -3*t, 2*i + 2*t - 6 = 0. Calculate the highest common divisor of v and i.
4
Let h(q) = q**3 - 12*q**2 + 3. Let t be h(12). Let o = t - 10. Let k be o/(-56) + (-1039)/(-8). Calculate the greatest common divisor of k and 52.
26
Let m = -73 + 115. Let j be -2*(-2 + (-51)/6). Calculate the highest common divisor of j and m.
21
Let x = -165 - -237. What is the highest common factor of x and 8?
8
Let q = 29340 + -29012. Let x be 42 + (-1 - 0) + 0. What is the highest common divisor of x and q?
41
Let j(v) = v**2 + 12*v + 2. Let q be j(-12). Suppose -3*h = a - q*h - 22, 5*h = 0. Calculate the highest common factor of 110 and a.
22
Suppose -2*n + 288 = -4*w, -159 = -n + 2*w - 5*w. Let m = 374 - n. Calculate the greatest common divisor of m and 32.
32
Let p(o) = 2*o**2 + 13*o + 17. Let c be p(-7). What is the highest common factor of c and 108?
12
Let t = -8 + 44. Suppose b = -4*a - 3, -3*b 